513?
False
Is 16 a factor of 206784?
True
Is 228392 a multiple of 18?
False
Is 85 a factor of 12615020?
True
Is 17 a factor of 58197?
False
Is 388379 a multiple of 379?
False
Is 6 a factor of 21624?
True
Is 149 a factor of 193928?
False
Does 36 divide 59652?
True
Is 27 a factor of 752976?
True
Is 6732 a multiple of 396?
True
Does 429 divide 1182387?
False
Is 11 a factor of 818626?
False
Is 147009 a multiple of 549?
False
Does 32 divide 17310?
False
Is 153 a factor of 118911?
False
Is 195 a factor of 1103505?
True
Does 68 divide 6798947?
False
Is 157664 a multiple of 98?
False
Is 6 a factor of 6604662?
True
Does 6 divide 8532?
True
Does 56 divide 465361?
False
Is 56905 a multiple of 599?
True
Is 1063143 a multiple of 21?
False
Is 3352023 a multiple of 70?
False
Is 21060124 a multiple of 2777?
False
Is 14027790 a multiple of 997?
True
Is 11408589 a multiple of 103?
True
Is 73326 a multiple of 363?
True
Does 249 divide 4693401?
True
Is 4833 a multiple of 19?
False
Is 355 a factor of 532500?
True
Does 180 divide 116750?
False
Does 7 divide 125349?
True
Does 255 divide 1564376?
False
Is 171 a factor of 28771?
False
Is 17027892 a multiple of 28?
True
Is 7867684 a multiple of 32?
False
Does 9 divide 234306?
True
Does 191 divide 1079614?
False
Is 589 a factor of 286843?
True
Does 730 divide 399310?
True
Does 10 divide 27850940?
True
Is 20 a factor of 1203380?
True
Is 464736 a multiple of 188?
True
Is 162947 a multiple of 3?
False
Does 26 divide 2035509?
False
Is 5 a factor of 682614?
False
Does 27 divide 23860?
False
Is 29 a factor of 2954625?
False
Is 435884 a multiple of 212?
False
Is 39975 a multiple of 13?
True
Is 18 a factor of 82476?
True
Is 1317 a factor of 5200833?
True
Is 109 a factor of 89817?
False
Does 243 divide 133407?
True
Is 27 a factor of 2442069?
True
Is 174178 even?
True
Is 111139 a multiple of 10?
False
Does 221 divide 1931540?
True
Is 41178 a multiple of 2?
True
Is 8919 a multiple of 7?
False
Does 764 divide 8335240?
True
Is 38 a factor of 1295762?
True
Is 145 a factor of 718330?
True
Is 128913 a multiple of 23?
False
Is 1008795 a multiple of 105?
False
Is 1967 a factor of 3538633?
True
Is 180 a factor of 14800500?
True
Is 212256 a multiple of 72?
True
Is 53 a factor of 1062544?
True
Does 180 divide 1476661?
False
Is 13449600 a multiple of 480?
True
Does 124 divide 28892?
True
Does 3 divide 1795617?
True
Is 29886800 a multiple of 8?
True
Is 4120939 a multiple of 72?
False
Is 3193981 a multiple of 69?
False
Does 762 divide 3444085?
False
Is 43 a factor of 224030?
True
Does 14 divide 88746?
True
Does 28 divide 220133?
False
Is 590196 a multiple of 411?
True
Is 30 a factor of 486799?
False
Is 21 a factor of 1354458?
True
Does 1692 divide 11275488?
True
Does 22 divide 61164?
False
Is 354 a factor of 94872?
True
Is 95 a factor of 448004?
False
Does 71 divide 1518069?
False
Is 3728342 a multiple of 74?
True
Does 258 divide 824052?
True
Is 274496 a multiple of 16?
True
Is 7513080 a multiple of 548?
True
Is 2 a factor of 34135?
False
Is 1145107 a multiple of 68?
False
Is 13 a factor of 334817?
False
Does 41 divide 167731?
True
Is 532357 a multiple of 59?
True
Is 331281 a multiple of 281?
False
Does 42 divide 21336?
True
Is 888101 a multiple of 41?
True
Is 126790 a multiple of 818?
True
Is 40536 a multiple of 36?
True
Is 24 a factor of 39384?
True
Does 217 divide 184896?
False
Does 48 divide 8928?
True
Does 6 divide 90762?
True
Is 102124 a multiple of 11?
True
Is 3 a factor of 1850175?
True
Is 25969 a multiple of 4?
False
Is 402 a factor of 186791?
False
Is 25 a factor of 58800?
True
Does 165 divide 1060578?
False
Is 61 a factor of 75561?
False
Does 23 divide 4507868?
False
Does 570 divide 765773?
False
Is 151530 a multiple of 20?
False
Is 363 a factor of 47619?
False
Does 154 divide 190652?
True
Does 12 divide 1584?
True
Is 69 a factor of 139688?
False
Does 24 divide 2077392?
True
Is 65 a factor of 1769560?
True
Does 21 divide 1304289?
True
Is 4926494 a multiple of 1019?
False
Is 5913984 a multiple of 8?
True
Is 26340 a multiple of 30?
True
Is 22 a factor of 193028?
True
Is 14336 a multiple of 256?
True
Does 26 divide 146106?
False
Does 135 divide 27810?
True
Is 10628787 a multiple of 39?
True
Is 15 a factor of 2443395?
True
Is 110424 a multiple of 12?
True
Is 921957 a multiple of 48?
False
Is 9 a factor of 182547?
True
Is 29 a factor of 981418?
True
Does 57 divide 453246?
False
Does 34 divide 66503?
False
Does 66 divide 2581849?
False
Is 158 a factor of 3368086?
True
Is 15 a factor of 42223?
False
Is 556842 a multiple of 59?
True
Is 1765478 a multiple of 286?
True
Is 11920 a multiple of 20?
True
Is 12820738 a multiple of 608?
False
Does 165 divide 1390620?
True
Is 277918 a multiple of 150?
False
Does 55 divide 7070151?
False
Is 2513306 a multiple of 158?
True
Is 5440 a multiple of 20?
True
Is 54 a factor of 560682?
True
Does 34 divide 429114?
True
Is 4 a factor of 424073?
False
Does 53 divide 208502?
True
Does 213 divide 404913?
True
Is 1721 a multiple of 2?
False
Is 407 a factor of 658119?
True
Is 14 a factor of 191722?
False
Does 71 divide 1995105?
False
Is 50868 a multiple of 7?
False
Does 26 divide 1935431?
False
Is 10167984 a multiple of 108?
True
Is 120 a factor of 514627?
False
Is 249 a factor of 6797306?
False
Does 518 divide 301602?
False
Does 21 divide 37530087?
True
Does 15 divide 1367298?
False
Does 8 divide 6527072?
True
Is 62 a factor of 295956?
False
Does 83 divide 18110849?
True
Is 99876 a multiple of 82?
True
Is 28 a factor of 535261?
False
Does 6 divide 3614580?
True
Is 755 a factor of 1011243?
False
Does 104 divide 155247?
False
Is 650304 a multiple of 16?
True
Is 204858 a multiple of 18?
True
Does 215 divide 396675?
True
Is 10871652 a multiple of 61?
False
Does 78 divide 102102?
True
Is 138959 a multiple of 384?
False
Is 66901 a multiple of 267?
False
Is 91 a factor of 10105263?
False
Is 25 a factor of 147108?
False
Is 58088 a multiple of 6?
False
Is 1372 a factor of 79576?
True
Does 105 divide 263254?
False
Does 34 divide 476922?
False
Is 209362 a multiple of 9?
False
Does 44 divide 508347?
False
Is 45 a factor of 1974583?
False
Is 103076 a multiple of 292?
True
Is 280 a factor of 3149160?
True
Is 30 a factor of 1515000?
True
Is 366 a factor of 2286648?
False
Is 16 a factor of 30723?
False
Is 272565 a multiple of 275?
False
Is 960 a factor of 4136330?
False
Does 266 divide 200564?
True
Is 283 a factor of 5109235?
False
Is 857320 a multiple of 135?
False
Does 578 divide 2290676?
False
Is 1469 a factor of 9851875?
False
Is 2 a factor of 604372?
True
Is 181 a factor of 416481?
True
Is 1530158 a multiple of 14?
True
Is 68565 a multiple of 15?
True
Does 2 divide 311441?
False
Is 205 a factor of 101936?
False
Is 142098 a multiple of 44?
False
Is 16 a factor of 959856?
True
Is 14917614 a multiple of 123?
False
Is 295157 a multiple of 8?
False
Does 143 divide 1020385?
False
Is 302 a factor of 5928348?
False
Does 35 divide 196251?
False
Is 10 a factor of 4105830?
True
Is 422973 a multiple of 39?
False
Is 485139 a multiple of 48?
False
Is 2370926 a multiple of 22?
False
Does 15 divide 172579?
False
Is 23991 a multiple of 11?
True
Does 16 divide 902192?
True
Does 102 divide 283152?
True
Is 639527 a multiple of 37?
False
Is 22 a factor of 14850?
True
Is 11856290 a multiple of 364?
False
Is 159 a factor of 382554?
True
Is 2874638 a multiple of 10?
False
Is 714 a factor of 149226?
True
Does 135 divide 71280?
True
Is 131 a factor of 702684?
True
Is 35784 a multiple of 56?
True
Is 18 a factor of 74880?
True
Is 975667 a multiple of 58?
False
Is 3534920 a multiple of 40?
True
Is 91927 a multiple of 10?
False
Is 121801 a multiple of 16?
False
Is 426852 a multiple of 71?
True
Is 897140 a multiple of 130?
False
Is 49 a factor of 553161?
True
Is 699 a factor of 600441?
True
Is 125888 a multiple of 7?
True
Is 302250 a multiple of 78?
True
Is 16924996 a multiple of 11?
True
Is 11 a factor of 580217?
True
Does 25 divide 157562?
False
Does 212 divide 684535?
False
Does 55 divide 2608320?
True
Is 44363 a multiple of 3?
False
Does 174 divide 2118276?
True
Does 88 divide 12760?
True
Is 2374764 a multiple of 82?
False
Is 51612 a multiple of 12?
True
Is 6 a factor of 851304?
True
Is 17936950 a multiple of 57?
False
Is 324 a factor of 302940?
